{"id":275,"date":"2026-02-07T11:50:45","date_gmt":"2026-02-07T10:50:45","guid":{"rendered":"https:\/\/librairie-colibri.fr\/?page_id=275"},"modified":"2026-03-03T12:13:03","modified_gmt":"2026-03-03T11:13:03","slug":"coups-de-coeur-fevrier","status":"publish","type":"page","link":"https:\/\/librairie-colibri.fr\/index.php\/coups-de-coeur-fevrier\/","title":{"rendered":"Coups de c\u0153ur"},"content":{"rendered":"\n<h2 class=\"wp-block-heading has-large-font-size\"><mark style=\"background-color:rgba(0, 0, 0, 0)\" class=\"has-inline-color has-black-color\"><strong>Max<\/strong><\/mark><\/h2>\n\n\n\n<div class=\"wp-block-media-text is-stacked-on-mobile\" style=\"grid-template-columns:34% auto\"><figure class=\"wp-block-media-text__media\"><img loading=\"lazy\" decoding=\"async\" width=\"646\" height=\"1024\" src=\"https:\/\/librairie-colibri.fr\/wp-content\/uploads\/2026\/03\/Apres-la-neige-c1-1-646x1024.jpg\" alt=\"\" class=\"wp-image-293 size-full\" srcset=\"https:\/\/librairie-colibri.fr\/wp-content\/uploads\/2026\/03\/Apres-la-neige-c1-1-646x1024.jpg 646w, https:\/\/librairie-colibri.fr\/wp-content\/uploads\/2026\/03\/Apres-la-neige-c1-1-189x300.jpg 189w, https:\/\/librairie-colibri.fr\/wp-content\/uploads\/2026\/03\/Apres-la-neige-c1-1-768x1218.jpg 768w, https:\/\/librairie-colibri.fr\/wp-content\/uploads\/2026\/03\/Apres-la-neige-c1-1-968x1536.jpg 968w, https:\/\/librairie-colibri.fr\/wp-content\/uploads\/2026\/03\/Apres-la-neige-c1-1-1291x2048.jpg 1291w, https:\/\/librairie-colibri.fr\/wp-content\/uploads\/2026\/03\/Apres-la-neige-c1-1-95x150.jpg 95w, https:\/\/librairie-colibri.fr\/wp-content\/uploads\/2026\/03\/Apres-la-neige-c1-1-scaled.jpg 1614w\" sizes=\"auto, (max-width: 646px) 100vw, 646px\" \/><\/figure><div class=\"wp-block-media-text__content\">\n<h2 class=\"wp-block-heading has-medium-font-size\"><strong><mark style=\"background-color:rgba(0, 0, 0, 0)\" class=\"has-inline-color has-black-color\"><em>Apr\u00e8s la neige<\/em><br>Fr\u00e9d\u00e9ric Abergel, Les Presses de la Cit\u00e9, 22\u20ac<\/mark><\/strong><\/h2>\n\n\n\n<br>\n<p><mark style=\"background-color:rgba(0, 0, 0, 0)\" class=\"has-inline-color has-black-color\">Un premier roman de \u201cnature writting\u201d glac\u00e9 et envo\u00fbtant dans l\u2019Alaska extr\u00eame.<\/mark><\/p>\n<p><mark style=\"background-color:rgba(0, 0, 0, 0)\" class=\"has-inline-color has-black-color\">Un v\u00e9ritable huis-clos captivant !<\/mark><\/p>\n<br>\n<\/div><\/div>\n\n\n\n<br>\n<br>\n<br>\n<br>\n\n\n\n<h2 class=\"wp-block-heading has-large-font-size\"><mark style=\"background-color:rgba(0, 0, 0, 0)\" class=\"has-inline-color has-black-color\"><strong>\u00c9den<\/strong><\/mark><\/h2>\n\n\n\n<div class=\"wp-block-media-text is-stacked-on-mobile\" style=\"grid-template-columns:35% auto\"><figure class=\"wp-block-media-text__media\"><img loading=\"lazy\" decoding=\"async\" width=\"600\" height=\"465\" src=\"https:\/\/librairie-colibri.fr\/wp-content\/uploads\/2026\/03\/Barnabe-part-au-bout-du-monde.jpeg\" alt=\"\" class=\"wp-image-295 size-full\" srcset=\"https:\/\/librairie-colibri.fr\/wp-content\/uploads\/2026\/03\/Barnabe-part-au-bout-du-monde.jpeg 600w, https:\/\/librairie-colibri.fr\/wp-content\/uploads\/2026\/03\/Barnabe-part-au-bout-du-monde-300x233.jpeg 300w, https:\/\/librairie-colibri.fr\/wp-content\/uploads\/2026\/03\/Barnabe-part-au-bout-du-monde-150x116.jpeg 150w\" sizes=\"auto, (max-width: 600px) 100vw, 600px\" \/><\/figure><div class=\"wp-block-media-text__content\">\n<h2 class=\"wp-block-heading has-medium-font-size\"><strong><mark style=\"background-color:rgba(0, 0, 0, 0)\" class=\"has-inline-color has-black-color\"><em>Barnab\u00e9 part au bout du monde<\/em><br>B\u00e9atrice Rodriguez, Gilles Bizouerner, Didier jeunesse, 10.90\u20ac  <\/mark><\/strong><\/h2>\n\n\n\n<br>\n<p><mark style=\"background-color:rgba(0, 0, 0, 0)\" class=\"has-inline-color has-black-color\">Barnab\u00e9 le blaireau, Constance la tortue, et Claire la taupe sont trois amis ins\u00e9parables.<\/mark><\/p>\n<p><mark style=\"background-color:rgba(0, 0, 0, 0)\" class=\"has-inline-color has-black-color\">Accompagnez ces personnages p\u00e9tillants et irr\u00e9sistibles dans leurs aventures toutes plus croustillantes les unes que les autres.<\/mark><\/p>\n<p><mark style=\"background-color:rgba(0, 0, 0, 0)\" class=\"has-inline-color has-black-color\">Une collection d&rsquo;albums plein d&rsquo;humour, qui raviront les enfants \u00e0 partir de 3 ans.<\/mark><\/p>\n<\/div><\/div>\n\n\n\n<br>\n<br>\n<br>\n<br>\n\n\n\n<h2 class=\"wp-block-heading has-large-font-size\"><mark style=\"background-color:rgba(0, 0, 0, 0)\" class=\"has-inline-color has-black-color\"><strong>Ga\u00eblle<\/strong><\/mark><\/h2>\n\n\n\n<div class=\"wp-block-media-text is-stacked-on-mobile\" style=\"grid-template-columns:34% auto\"><figure class=\"wp-block-media-text__media\"><img loading=\"lazy\" decoding=\"async\" width=\"770\" height=\"1024\" src=\"https:\/\/librairie-colibri.fr\/wp-content\/uploads\/2026\/03\/Jeunes-et-fauches-770x1024.jpg\" alt=\"\" class=\"wp-image-294 size-full\" srcset=\"https:\/\/librairie-colibri.fr\/wp-content\/uploads\/2026\/03\/Jeunes-et-fauches-770x1024.jpg 770w, https:\/\/librairie-colibri.fr\/wp-content\/uploads\/2026\/03\/Jeunes-et-fauches-225x300.jpg 225w, https:\/\/librairie-colibri.fr\/wp-content\/uploads\/2026\/03\/Jeunes-et-fauches-768x1022.jpg 768w, https:\/\/librairie-colibri.fr\/wp-content\/uploads\/2026\/03\/Jeunes-et-fauches-1154x1536.jpg 1154w, https:\/\/librairie-colibri.fr\/wp-content\/uploads\/2026\/03\/Jeunes-et-fauches-1539x2048.jpg 1539w, https:\/\/librairie-colibri.fr\/wp-content\/uploads\/2026\/03\/Jeunes-et-fauches-113x150.jpg 113w, https:\/\/librairie-colibri.fr\/wp-content\/uploads\/2026\/03\/Jeunes-et-fauches-scaled.jpg 1924w\" sizes=\"auto, (max-width: 770px) 100vw, 770px\" \/><\/figure><div class=\"wp-block-media-text__content\">\n<h2 class=\"wp-block-heading has-medium-font-size\"><strong><mark style=\"background-color:rgba(0, 0, 0, 0)\" class=\"has-inline-color has-black-color\"><em>Jeune et fauch\u00e9e<\/em><br>Florence Dupr\u00e9 la Tour, Charivari, 24.50\u20ac<\/mark><\/strong><\/h2>\n\n\n\n<br>\n<p><mark style=\"background-color:rgba(0, 0, 0, 0)\" class=\"has-inline-color has-black-color\">Avec son humour f\u00e9roce, Florence Dupr\u00e9 la Tour n&rsquo;\u00e9pargne personne, et surtout pas elle-m\u00eame !<\/mark><\/p>\n<p><mark style=\"background-color:rgba(0, 0, 0, 0)\" class=\"has-inline-color has-black-color\">C&rsquo;est dr\u00f4le, c&rsquo;est poignant et c&rsquo;est beau !<\/mark><\/p>\n<\/div><\/div>\n\n\n\n<br>\n<br>\n<br>\n<br>\n\n\n\n<h2 class=\"wp-block-heading has-large-font-size\"><mark style=\"background-color:rgba(0, 0, 0, 0)\" class=\"has-inline-color has-black-color\"><strong>Laurine<\/strong><\/mark><\/h2>\n\n\n\n<div class=\"wp-block-media-text is-stacked-on-mobile\" style=\"grid-template-columns:32% auto\"><figure class=\"wp-block-media-text__media\"><img loading=\"lazy\" decoding=\"async\" width=\"756\" height=\"1024\" src=\"https:\/\/librairie-colibri.fr\/wp-content\/uploads\/2026\/03\/crochet-c1-756x1024.jpg\" alt=\"\" class=\"wp-image-296 size-full\" srcset=\"https:\/\/librairie-colibri.fr\/wp-content\/uploads\/2026\/03\/crochet-c1-756x1024.jpg 756w, https:\/\/librairie-colibri.fr\/wp-content\/uploads\/2026\/03\/crochet-c1-221x300.jpg 221w, https:\/\/librairie-colibri.fr\/wp-content\/uploads\/2026\/03\/crochet-c1-768x1041.jpg 768w, https:\/\/librairie-colibri.fr\/wp-content\/uploads\/2026\/03\/crochet-c1-1134x1536.jpg 1134w, https:\/\/librairie-colibri.fr\/wp-content\/uploads\/2026\/03\/crochet-c1-1511x2048.jpg 1511w, https:\/\/librairie-colibri.fr\/wp-content\/uploads\/2026\/03\/crochet-c1-111x150.jpg 111w, https:\/\/librairie-colibri.fr\/wp-content\/uploads\/2026\/03\/crochet-c1-scaled.jpg 1889w\" sizes=\"auto, (max-width: 756px) 100vw, 756px\" \/><\/figure><div class=\"wp-block-media-text__content\">\n<h2 class=\"wp-block-heading has-medium-font-size\"><strong><mark style=\"background-color:rgba(0, 0, 0, 0)\" class=\"has-inline-color has-black-color\">Mes fiches m\u00e9mo : crochet<br>Marie-No\u00eblle Bayard, Marabout, 14.90\u20ac<\/mark><\/strong><\/h2>\n\n\n\n<br>\n<p><mark style=\"background-color:rgba(0, 0, 0, 0)\" class=\"has-inline-color has-black-color\">La collection \u00ab\u00a0Mes fiches m\u00e9mo\u00a0\u00bb brille par son accessibilit\u00e9 : pour les d\u00e9butants comme pour les confirm\u00e9s, c&rsquo;est un support simple, facile d&rsquo;acc\u00e8s et ludique !<\/mark><\/p>\n<p><mark style=\"background-color:rgba(0, 0, 0, 0)\" class=\"has-inline-color has-black-color\">Se lancer dans le crochet, la broderie ou le tricot est un jeu d&rsquo;enfant avec ces ouvrages.<\/mark><\/p>\n<\/div><\/div>\n","protected":false},"excerpt":{"rendered":"<p>Max Apr\u00e8s la neigeFr\u00e9d\u00e9ric Abergel, Les Presses de la Cit\u00e9, 22\u20ac Un premier roman de \u201cnature writting\u201d glac\u00e9 et envo\u00fbtant dans l\u2019Alaska extr\u00eame. Un v\u00e9ritable huis-clos captivant ! \u00c9den Barnab\u00e9 part au bout du mondeB\u00e9atrice Rodriguez, Gilles Bizouerner, Didier jeunesse, 10.90\u20ac Barnab\u00e9 le blaireau, Constance la tortue, et Claire la&#8230;<\/p>\n<p class=\"continue-reading-button\"> <a class=\"continue-reading-link\" href=\"https:\/\/librairie-colibri.fr\/index.php\/coups-de-coeur-fevrier\/\">Continue reading<i class=\"crycon-right-dir\"><\/i><\/a><\/p>\n","protected":false},"author":1,"featured_media":0,"parent":0,"menu_order":0,"comment_status":"closed","ping_status":"closed","template":"","meta":{"footnotes":""},"class_list":["post-275","page","type-page","status-publish","hentry"],"_links":{"self":[{"href":"https:\/\/librairie-colibri.fr\/index.php\/wp-json\/wp\/v2\/pages\/275","targetHints":{"allow":["GET"]}}],"collection":[{"href":"https:\/\/librairie-colibri.fr\/index.php\/wp-json\/wp\/v2\/pages"}],"about":[{"href":"https:\/\/librairie-colibri.fr\/index.php\/wp-json\/wp\/v2\/types\/page"}],"author":[{"embeddable":true,"href":"https:\/\/librairie-colibri.fr\/index.php\/wp-json\/wp\/v2\/users\/1"}],"replies":[{"embeddable":true,"href":"https:\/\/librairie-colibri.fr\/index.php\/wp-json\/wp\/v2\/comments?post=275"}],"version-history":[{"count":12,"href":"https:\/\/librairie-colibri.fr\/index.php\/wp-json\/wp\/v2\/pages\/275\/revisions"}],"predecessor-version":[{"id":320,"href":"https:\/\/librairie-colibri.fr\/index.php\/wp-json\/wp\/v2\/pages\/275\/revisions\/320"}],"wp:attachment":[{"href":"https:\/\/librairie-colibri.fr\/index.php\/wp-json\/wp\/v2\/media?parent=275"}],"curies":[{"name":"wp","href":"https:\/\/api.w.org\/{rel}","templated":true}]}}